+ 167, 3*l - 21 = 0. Let u(a) = 2*a - 6. Calculate the remainder when h is divided by u(6).
2
Let q = 74 + -32. Let u(h) = -h**3 - 8*h**2 - 11*h - 16. Let a be (11 - -3)*(-3)/6. What is the remainder when q is divided by u(a)?
6
Let p(z) = -z**2 - 27*z - 80. Let d = 54 - 16. What is the remainder when p(-8) is divided by d?
34
Suppose 9*y = 64*y - 258 - 863 - 309. What is the remainder when (1 - -258 - -1) + -1 is divided by y?
25
Suppose -3*p + 7 = 3*s - 5, -2*s = -3*p - 33. Let b be 1 + 0 + 5 + -1. Suppose 5*i + 4 = 4*l - 8, b*l + i = 15. What is the remainder when s is divided by l?
0
Let a be (-1)/2*(-1 + -9). Let w = 0 + 4. Suppose 5*q - 126 = -a*i + 129, -46 = -q + w*i. Calculate the remainder when q is divided by 17.
16
Let j = -4586 + 4603. What is the remainder when 180 is divided by j?
10
Let o(d) = d**2 - 22. Let g be o(-5). Suppose 0 = 3*s - u + 23208, 0*s + 4*u = -g*s - 23193. What is the remainder when (-3)/4 + s/(-68) is divided by 29?
26
Let l = -17 + 13. Let r(s) = s**3 + 6*s**2 + 2*s. What is the remainder when r(l) is divided by ((1386/(-14))/9)/(-1 + 0)?
2
Let z(v) = 277*v + 2241. What is the remainder when 1772 is divided by z(-8)?
22
Calculate the remainder when 2007 is divided by 4/(128/(-16))*-62.
23
Let z be 9 - (-1 + 3 - -4). Suppose -4*x - z*x + 413 = 0. Let n(h) = 4*h**3 - h**2 + h + 1. What is the remainder when x is divided by n(2)?
28
Suppose -3*i + 26 = -2*t, i - t + 39 = 49. Suppose -i*v = -23*v + 561. What is the remainder when v is divided by 30?
3
Let j = -12182 - -12844. Calculate the remainder when j is divided by 34.
16
Let h(z) = -75*z**3 + 5*z**2 + 19*z + 26. What is the remainder when h(-2) is divided by 12?
8
Let j(f) = 123*f - 3. Let p be j(1). Suppose -14*c + p = -9*c. Suppose q + 0*a - 11 = -4*a, 4*q = 4*a + c. Calculate the remainder when 27 is divided by q.
6
Let c be (-784)/(-272) + (-2)/(-51)*3. Suppose 35 + 7 = c*v. Let a(l) = l**2 - 2*l - 3. Calculate the remainder when a(6) is divided by v.
7
Let b(d) = 6*d**2 - 5*d**2 + 50 + d - 15*d. Let o = -11 + 34. What is the remainder when b(15) is divided by o?
19
Let h = 56 - 156. What is the remainder when -5 + -3 + 8 + (0 - h) is divided by 34?
32
Suppose 133*l - 236*l - 476 = -131*l. What is the remainder when 1284 is divided by l?
9
Let z = -17 - -20. Let m(q) = 2*q**3 + 3*q**z - 22*q + 17 - 22*q**2 - 6*q**3 - 12. What is the remainder when m(-21) is divided by 9?
8
Let x(c) = c**3 - 10*c**2 - 27*c - 8. Let m be x(10). Let n = 338 + m. Calculate the remainder when n is divided by 7.
4
Let u = -234 + 204. Let y(j) = 44*j**2 + 2*j + 1. Calculate the remainder when y(-1) is divided by 54/4 + (-45)/u.
13
Let t = 45 - 36. Calculate the remainder when 50 - (6 + (5 - t)) is divided by 11.
4
Suppose 31*o + 360 = 22*o. Calculate the remainder when 183 is divided by 1/1 - (-22 + o).
57
Suppose -11*r + 3240 = 5*r + 4*r. Calculate the remainder when 330 is divided by r.
6
Suppose -56 = -4*u - 4*m, -70*m = -2*u - 66*m + 34. Calculate the remainder when 207 is divided by u.
12
Let o = 148 + -145. Suppose -311 = -o*f + 58. Calculate the remainder when f is divided by 31.
30
Let r(p) = -332*p + 2011. What is the remainder when r(5) is divided by 78?
39
Suppose -6173*n + 288 = -6157*n. What is the remainder when 152 is divided by n?
8
Let j = -40 + 28. Let r = 5 - j. Let l = 810 + -711. What is the remainder when l is divided by r?
14
Let i(j) = -j**3 + 10*j**2 + 5*j - 21. What is the remainder when 1129 is divided by i(10)?
27
Let u(v) = 12*v**2 + 121*v - 91. What is the remainder when 166 is divided by u(-11)?
16
Let o = -1 - -29. Let j = -491 + 154. Let i = 342 + j. Calculate the remainder when o is divided by i.
3
Let p(b) = b**3 - 17*b**2 + 70*b + 78. What is the remainder when 975 is divided by p(11)?
121
Let l(o) = o**3 + 2*o**2 + o - 5. Let t be l(0). Let r = 21 + t. Let v(j) = 13*j + 6. Calculate the remainder when v(3) is divided by r.
13
Let m(h) = 2*h + 12. Let n be m(-4). Suppose 28 = n*w - 24. Calculate the remainder when w is divided by 10.
3
Let h(n) = n + 17. Let g be h(0). Let w = g - 1. Let p = -36606 - -36611. What is the remainder when w is divided by p?
1
Suppose -15892 = -59*w - 78*w. What is the remainder when 690 is divided by w?
110
Let o = 523 + -502. Suppose -2*h + 4*f + 378 = 0, 921 = 5*h - 2*f + 4*f. Calculate the remainder when h is divided by o.
17
Let d be 14/8 + (7/(-4))/(-7). Suppose d*x = -5*g + 60, 4*x - 5*g + 2*g = 120. Calculate the remainder when x is divided by 11.
8
Let t(d) be the first derivative of d**2/2 + 2*d - 451. Let s be 0/(-2 + -1) + 1. Calculate the remainder when t(s) is divided by 3.
0
What is the remainder when (-1)/((-16)/(-128)) + 7 - -162*12 is divided by 139?
136
Let u = 34 - 17. Let t(w) = 3*w**3 + 22*w**2 - 3*w - 18. Let k be t(-7). Let f = k + -2. What is the remainder when f is divided by u?
16
Let k(n) = -10*n**3 + n**2 - n + 21. Let x(p) = -2*p**3 + 1. Let g(f) = k(f) - 4*x(f). What is the remainder when 83 is divided by g(0)?
15
What is the remainder when 3 + -14 - (-10 + -188) is divided by 27?
25
Let h(j) = -4*j - 25. Suppose -x = -0*x + 8. Let m be h(x). Let s(r) = -r + 27. Calculate the remainder when s(m) is divided by 12.
8
Let y = 4 + 8. Let h(o) = -4*o - 97. Let k be h(-23). Let c(w) = 2*w**2 + 6*w - 11. What is the remainder when y is divided by c(k)?
3
Let l(i) be the third derivative of i**6/120 + 19*i**5/60 - 41*i**4/24 + 31*i**3/6 + 45*i**2 + 2*i. Calculate the remainder when 106 is divided by l(-21).
6
Let h be (-2)/2 + -5 - 27. Suppose 0*m + 476 = 4*m. Calculate the remainder when m is divided by -7 - 14/21*h.
14
Suppose 7*n = -57*v + 53*v + 470, -2*n = -3*v + 338. Calculate the remainder when 215 is divided by v.
101
Let o(g) = -14*g - 2. Suppose 1065 = -2*p - p - 2*k, 6 = -2*k. Let a = 398 + p. Calculate the remainder when a is divided by o(-2).
19
Let j = 283 + -280. Calculate the remainder when 823 is divided by j.
1
Suppose 6*b = 18*b - 108. Let p(u) be the first derivative of u**2 + 10*u + 1. Calculate the remainder when p(8) is divided by b.
8
Let w(r) = 34*r - 13. Let m be w(3). Suppose 5*n - 171 = 3*p + m, p - 52 = -n. Calculate the remainder when n is divided by 48.
4
Let b(k) = -k**2 - 14*k + 142. Let y be b(7). Calculate the remainder when 227 is divided by 360/10 + 2 + y.
29
Let i = 13577 + -13563. Calculate the remainder when 52 is divided by i.
10
Let d(j) = -j**3 - 5*j**2 - 5*j + 5. Let u = -5205 - -5225. Calculate the remainder when d(-6) is divided by u.
11
Let g = 4000 + -2488. Calculate the remainder when (-4)/(-5) + g/10 + -2 is divided by 17.
14
Suppose 15*o - 198 = 1617. Calculate the remainder when 14397 is divided by o.
119
Let y = 2595 - 2499. What is the remainder when y is divided by ((-162)/(-45))/((-4)/(-10))?
6
Suppose -2*h = -3*l - h + 248, 4*h = -3*l + 238. Let n = l - 42. Calculate the remainder when n is divided by 12*(-27)/72*(-104)/18.
14
Suppose -152 = -8*o - 5*b, 11 + 46 = 3*o + 2*b. Calculate the remainder when 6875 is divided by o.
16
Let r be ((-4)/12)/((-74)/24 + 3). Suppose 0*x - r*x = -52. Suppose 10*g = x*g - 18. Calculate the remainder when 25 is divided by g.
1
Let c(g) = 15*g + 3839*g**2 + 27 + g**3 - 3827*g**2 - 3*g. Let m be c(-11). What is the remainder when (4/m)/(2/(-8))*-43 is divided by 22?
21
Suppose -27*m - 8212 + 22927 = 0. What is the remainder when m is divided by 14?
13
Let l(n) = -2*n**3 - 4*n**2 - n + 48. Let u be l(6). What is the remainder when u/((3 + (-25)/10)*-4) is divided by 67?
66
Suppose -44*a - 345740 + 627796 = -396556. Calculate the remainder when a is divided by 18.
15
Suppose -7*o - 5*p = -3756, 0 = 2*o + 13*p - 9*p - 1086. Calculate the remainder when o is divided by 6.
5
Suppose -3*d - 1057 = -4*s, -527 = -2*s + 11*d - 10*d. Calculate the remainder when 1009 is divided by s.
223
Let d be (0 - 102)/(6/27*3). Let o = 224 + d. Let j = o - 56. What is the remainder when 118 is divided by j?
13
Suppose -4*s - 50*p + 48*p + 1072 = 0, 3*s = 4*p + 782. What is the remainder when s is divided by 16?
10
Let m = -5179 - -5243. Calculate the remainder when 72 is divided by m.
8
Let n(j) = -7*j + 3. Let s be n(0). Suppose s*v + 4*q = 11, -2*v - v + 5*q - 7 = 0. Suppose 0 = l - 5*l + 8. Calculate the remainder w